/(-24). List the prime factors of y/(-15) + 706/(-12)*-2.
3, 13
Suppose -20*z + 568 = -16*z. Suppose -5*c + 2*x - z = 0, x = 4*c - 0*x + 116. What are the prime factors of (48/(-20))/(4/c)?
2, 3
Suppose 0 = -5*o - 3*u + 26, -o + u + 13 = -u. Let d(w) = 7*w - 16. Let r be d(o). Suppose 3*k = -2*p + 27, -p + 5*k = -3*p + r. List the prime factors of p.
3
Let m = -79 - -78. Let z(r) = r. Let s be z(-5). List the prime factors of (-218)/s - m/(10/(-6)).
43
Let w(m) = 14*m - 57. Let a be w(8). Let t(u) = 18*u. Let k be t(2). Let z = k + a. What are the prime factors of z?
7, 13
Let x(y) = 299*y**3 + y**2 - 260*y + 259. List the prime factors of x(1).
13, 23
Suppose -2*z + 5*l + 12 = 0, -3 = z + l + 5. Let a be 0 + 6 - (-3 - (-4)/z). What are the prime factors of 2*-1*(-645)/a?
3, 43
Let l = 314 + -202. Suppose 0 = -2*z + 4*z - l. List the prime factors of z.
2, 7
Let k be (-3 - 1)*2/(-4). Let z(t) = 2*t**3 - 17*t**2 - 71*t + 563. Let n be z(9). Suppose 3*o = 15, k*l - n*l + 2*o = -350. What are the prime factors of l?
2, 3, 5
Suppose -364 = 5*v - 2*p, 22*v + 4*p = 21*v - 64. List the prime factors of ((-7824)/v)/(-2*(-3)/63).
7, 163
Suppose -25*b + 71*b - 89847 = 168765. What are the prime factors of b?
2, 3, 937
What are the prime factors of (-1045632)/(-42)*(-1)/(-1)?
2, 389
Let q = 78 + -59. Let f(n) = q*n - 18 + 25*n + 22. What are the prime factors of f(3)?
2, 17
Let k(b) be the first derivative of b**4/6 - b**3 - 8*b**2 - 2*b - 3. Let h(t) be the first derivative of k(t). What are the prime factors of h(6)?
2, 5
Let p(m) = -55*m**3 - 21*m**2 + 15*m - 11. Let o(l) = 11*l**3 + 4*l**2 - 3*l + 2. Let x(u) = 11*o(u) + 2*p(u). Let n = 53 + -51. List the prime factors of x(n).
2, 3, 5
Let l(c) = c - 8. Let d be l(12). Suppose 2*t + d = 12. Suppose -12 = -t*a + y - 5*y, 5*a + 3*y = 19. List the prime factors of a.
5
Let l(j) = 4755*j + 9944. What are the prime factors of l(9)?
23, 2293
Suppose -3*z + 28450 = 11*l - 13*l, -5*l - 9466 = -z. List the prime factors of z.
2, 3, 17, 31
Let r be (24792/(-32))/((-6)/8). Let w = -232 + r. What are the prime factors of w?
3, 89
Suppose 3*r + 5*u - 109 = 0, 15 + 158 = 5*r + 4*u. Suppose 6*p + 540 = r*p. List the prime factors of p.
2, 5
Suppose -212*p + 177*p = -1531460. List the prime factors of p.
2, 10939
Suppose -g = -4*g + 27. Let a(l) = -15*l + 1. Let i be a(-1). Suppose 0 = -g*n + n + i. List the prime factors of n.
2
Let a(g) = -6*g**2 + 3*g - 4. Suppose 0 = -3*q + 3 + 3. Let l be a(q). Let v(w) = -w**3 - 23*w**2 - 22*w + 9. What are the prime factors of v(l)?
3
Let a(l) = -3020*l + 1896. What are the prime factors of a(-6)?
2, 3, 139
Let d be -8 + (-4 - -9) + (-1 - 5). What are the prime factors of 1/(d/(-228))*12?
2, 19
Let w be (2 + (-106)/8)/(51/(-544)). Let n = w - 99. Suppose n*x = 16*x + 1365. List the prime factors of x.
3, 7, 13
Suppose j - 1 = 15. Suppose 3*f + j = 370. Let c = f - 67. List the prime factors of c.
3, 17
Let x(l) = -2*l - 6. Let z be x(-3). Let m be (z + -6)/(4/(-184)). Suppose 2*j = 2*v - m, -4*v - 4*j = -0*v - 512. What are the prime factors of v?
7, 19
Let w(x) = -58*x - 216. Let p be w(-4). Let y(i) = 44*i + 30. What are the prime factors of y(p)?
2, 367
Suppose -2*v - 970 = -5*n - 6*v, -2*v - 388 = -2*n. Let f(o) = -o**2 + 12*o - 125. Let j be f(13). Let s = j + n. List the prime factors of s.
2, 7
Suppose 7*f - 13661 = 5*b + 17772, 2*b - 4504 = -f. List the prime factors of f.
2, 3, 7, 107
Let l(i) = -4*i**3 + 62*i**2 - 149*i + 176. Let w(h) = -h**3 + 20*h**2 - 50*h + 59. Let g(j) = 2*l(j) - 7*w(j). List the prime factors of g(-19).
2, 17
Suppose -3*t + 5 - 29 = 0. Let r be (7 + t)/((-3)/(-9)). List the prime factors of -2 + r/(-1) - (-194)/2.
2, 7
Let o be (-4)/(-4 + 5) + 118. Let p be o + 6 - 0/2. Suppose -2*l = 2*s - 4*s - 122, -2*l = -4*s - p. List the prime factors of l.
2, 31
Let n = -488 - -6646. List the prime factors of n.
2, 3079
Let c(n) = -n**2 - 13*n + 35. Let l be c(-15). Suppose -l*y + 4*y + 2 = 0. What are the prime factors of y/9 - (-4654)/117?
2, 5
Suppose 9*p - 2*p = 28. Suppose -p*z + 9*z = 25. Suppose o = z*o - 332. What are the prime factors of o?
83
Suppose 3272 - 2880 = 7*r. Let d(j) = j**2 + 2. Let u be d(0). Suppose q - r = -2*l + 5*l, -144 = -u*q - 2*l. List the prime factors of q.
2, 17
Let g = -7471 - -20398. List the prime factors of g.
3, 31, 139
Suppose 4*s - 36*z + 40*z - 64240 = 0, 10*z = -2*s + 32048. What are the prime factors of s?
16069
Suppose 7*t = 8*t. Suppose t = 17*l - 21*l + 1104. Let o = l + -163. What are the prime factors of o?
113
Suppose 0 = k - 2*k - 5*p + 24, 4*k + 3*p - 28 = 0. Suppose -224 = k*w - 1568. Suppose 3*z - w - 11 = 4*i, 0 = z - 2*i - 117. What are the prime factors of z?
113
Let o(l) be the first derivative of l**5/2 + 2*l**3 - 6. Let y(x) be the third derivative of o(x). List the prime factors of y(1).
2, 3, 5
Suppose -2*l - 174 = -4*q + 18, 5*q + 10 = 0. Let c = l - -75. Let i = c - -63. List the prime factors of i.
2, 19
Suppose g - 9*g = 6*g. Let w be (0 - g/(-1)) + 15. What are the prime factors of (-2*w/(-24))/((-2)/(-48))?
2, 3, 5
Let s = 261 - 273. List the prime factors of s/54 + 1/(-9)*-956.
2, 53
Let r(m) = 7*m**2 - 20*m + 407. What are the prime factors of r(-33)?
2, 5, 11, 79
Let r(f) = f**3 + 2*f**2 - 4*f**2 - f**2 - 3. Let h be r(3). List the prime factors of 122*1/(4 + h).
2, 61
Let u(a) = 193*a**2 - 56*a - 22. List the prime factors of u(-13).
47, 709
Let k = 4173 - -312. List the prime factors of k.
3, 5, 13, 23
Let i be 11/22*(0 + 10). Let b = -485 - -485. Suppose q = i*h + 35, b*q = 4*q - 3*h - 208. What are the prime factors of q?
5, 11
Let b(j) = -j**3 + 104*j**2 + 205*j - 713. List the prime factors of b(101).
3, 5, 3373
Let f be (-1)/((2 - 8)/8916). Let o = f + -1055. What are the prime factors of o?
431
Let h(i) = i**3 - 4*i**2 - 10*i + 99. What are the prime factors of h(14)?
19, 101
Let g(c) = 294*c**2 - 31*c + 93. What are the prime factors of g(3)?
2, 3, 7
Let h = -7679 - -11712. List the prime factors of h.
37, 109
Suppose 5*g - 5*v = 0, -4*g + 0*v + 12 = 2*v. Suppose 4*f = g + 22. Let k(c) = 2*c**3 - 8*c**2 + 3*c - 1. What are the prime factors of k(f)?
7, 23
Let a = -127 - -563. Let n = a + -420. List the prime factors of n.
2
Let u be (-1 + 2)/(322/(-35) - -9). What are the prime factors of (-4)/(-10)*(u + (-2140)/(-4))?
2, 53
Suppose 4*y + 3*t = 4*t + 20, -y + 16 = -3*t. Suppose 0 = -5*k - y*n + 1504 + 57, -3*n - 1533 = -5*k. Let f = k - 111. What are the prime factors of f?
2, 3, 11
Let k(p) = -p**3 - 3*p**2 + 10*p - 7. Let f be k(-10). Let w = f - -39. What are the prime factors of w?
2, 79
Let s = -189 - -189. Suppose 4*c - 4*v - 8 = s, 5*c - 21 - 7 = -v. List the prime factors of c.
5
Let v(q) = -16*q + 678. What are the prime factors of v(25)?
2, 139
Let l(y) = -251*y - 269. What are the prime factors of l(-18)?
7, 607
Suppose -311*v = -294*v - 341071. What are the prime factors of v?
20063
Let v = -20 - -33. Let h(a) = -a**3 - 7*a**2 + 202*a - 21. Let i be h(11). Let r = v + i. What are the prime factors of r?
2, 3
Let q(k) = -75*k + 3692. List the prime factors of q(-44).
2, 19, 23
Let d = -14574 - -20274. List the prime factors of d.
2, 3, 5, 19
Let d be 48768/(-63) + -3*(-8)/252. Let r = d - -1489. List the prime factors of r.
5, 11, 13
Let b(k) = -2*k + 15. Let r be b(5). Suppose 29 - r = -6*d. Let s(u) = u**2 - 6*u - 33. What are the prime factors of s(d)?
7
List the prime factors of 55/(-275) - (-597342)/10.
2, 29867
Let y(s) = 4*s**3 - 6*s**2 - 6*s - 11. Let i(c) = -c**3. Let g(j) = -3*i(j) - y(j). Let q be g(7). List the prime factors of 15471/153 + q/(-34).
101
Let z(f) be the first derivative of 2*f**3/3 + 7*f**2/2 - 22*f + 2. What are the prime factors of z(16)?
2, 7, 43
Suppose 534975 - 83998 = 30*g - 122893. What are the prime factors of g?
11, 37, 47
Let z(s) = 2*s**3 - 22*s**2 + 5*s - 15. Let d be z(16). Suppose m - 8*m + d = 0. What are the prime factors of m?
3, 5
Let m = 45607 - 12341. List the prime factors of m.
2, 16633
Let i(c) = 39*c**2 + 3*c - 210. What are the prime factors of i(-17)?
2, 3, 5, 367
What are the prime factors of 100/10 - -5955 - -7?
2, 1493
Let g = -45 - -59. Let i = -35 - -35. Suppose 12*h - g*h + 480 = i. What are the prime